
REPLACE INTO `time_blocks` (`block_id`, `label`, `end_label`, `availability_code`, `layout_id`, `start_time`, `end_time`) VALUES
(1, NULL, NULL, 2, 1, '00:00:00', '08:00:00'),
(2, NULL, NULL, 1, 1, '08:00:00', '08:30:00'),
(3, NULL, NULL, 1, 1, '08:30:00', '09:00:00'),
(4, NULL, NULL, 1, 1, '09:00:00', '09:30:00'),
(5, NULL, NULL, 1, 1, '09:30:00', '10:00:00'),
(6, NULL, NULL, 1, 1, '10:00:00', '10:30:00'),
(7, NULL, NULL, 1, 1, '10:30:00', '11:00:00'),
(8, NULL, NULL, 1, 1, '11:00:00', '11:30:00'),
(9, NULL, NULL, 1, 1, '11:30:00', '12:00:00'),
(10, NULL, NULL, 1, 1, '12:00:00', '12:30:00'),
(11, NULL, NULL, 1, 1, '12:30:00', '13:00:00'),
(12, NULL, NULL, 1, 1, '13:00:00', '13:30:00'),
(13, NULL, NULL, 1, 1, '13:30:00', '14:00:00'),
(14, NULL, NULL, 1, 1, '14:00:00', '14:30:00'),
(15, NULL, NULL, 1, 1, '14:30:00', '15:00:00'),
(16, NULL, NULL, 1, 1, '15:00:00', '15:30:00'),
(17, NULL, NULL, 1, 1, '15:30:00', '16:00:00'),
(18, NULL, NULL, 1, 1, '16:00:00', '16:30:00'),
(19, NULL, NULL, 1, 1, '16:30:00', '17:00:00'),
(20, NULL, NULL, 1, 1, '17:00:00', '17:30:00'),
(21, NULL, NULL, 1, 1, '17:30:00', '18:00:00'),
(22, NULL, NULL, 2, 1, '18:00:00', '00:00:00');

REPLACE INTO `schedules` (`schedule_id`, `name`, `isdefault`, `weekdaystart`, `daysvisible`, `layout_id`, `legacyid`) VALUES
(1, 'Default', 1, 0, 7, 1, NULL);

REPLACE INTO `resources` (`resource_id`, `name`, `location`, `contact_info`, `description`, `notes`, `isactive`, `min_duration`, `min_increment`, `max_duration`, `unit_cost`, `autoassign`, `requires_approval`, `allow_multiday_reservations`, `max_participants`, `min_notice_time_add`, `max_notice_time`, `image_name`, `schedule_id`, `legacyid`) VALUES
(1, 'Conference Room 1', NULL, NULL, NULL, NULL, 1, NULL, NULL, NULL, NULL, 1, 0, 1, NULL, NULL, NULL, 'resource1.jpg', 1, NULL),
(2, 'Conference Room 2', NULL, NULL, NULL, NULL, 1, NULL, NULL, NULL, NULL, 1, 0, 1, NULL, NULL, NULL, 'resource2.jpg', 1, NULL);


INSERT INTO `reservation_series` (`series_id`, `date_created`, `last_modified`, `title`, `description`, `allow_participation`, `allow_anon_participation`, `type_id`, `status_id`, `repeat_type`, `repeat_options`, `owner_id`, `legacyid`) VALUES
(1, '2012-02-18 04:15:35', NULL, '', '', 0, 0, 1, 1, 'daily', 'interval=1|termination=2012-02-28 22:00:00', 2, NULL),
(2, '2012-02-18 04:15:50', NULL, '', '', 0, 0, 1, 1, 'daily', 'interval=1|termination=2012-02-28 22:00:00', 2, NULL),
(3, '2012-02-18 04:16:00', NULL, '', '', 0, 0, 1, 1, 'daily', 'interval=1|termination=2012-02-28 22:00:00', 2, NULL),
(4, '2012-02-18 04:16:09', NULL, '', '', 0, 0, 1, 1, 'daily', 'interval=1|termination=2012-02-28 22:00:00', 2, NULL),
(5, '2012-02-18 04:16:19', NULL, '', '', 0, 0, 1, 1, 'daily', 'interval=1|termination=2012-02-28 22:00:00', 2, NULL),
(6, '2012-02-18 04:16:28', NULL, '', '', 0, 0, 1, 1, 'daily', 'interval=1|termination=2012-02-28 22:00:00', 2, NULL),
(7, '2012-02-18 04:17:02', NULL, '', '', 0, 0, 1, 1, 'daily', 'interval=1|termination=2012-02-28 22:00:00', 2, NULL),
(8, '2012-02-18 04:17:11', NULL, '', '', 0, 0, 1, 1, 'daily', 'interval=1|termination=2012-02-28 22:00:00', 2, NULL),
(9, '2012-02-18 04:17:24', NULL, '', '', 0, 0, 1, 1, 'daily', 'interval=1|termination=2012-02-28 22:00:00', 2, NULL),
(10, '2012-02-18 04:18:20', NULL, '', '', 0, 0, 1, 1, 'daily', 'interval=1|termination=2012-02-28 22:00:00', 2, NULL),
(11, '2012-02-18 04:18:30', NULL, '', '', 0, 0, 1, 1, 'daily', 'interval=1|termination=2012-02-28 22:00:00', 2, NULL),
(12, '2012-02-18 04:18:39', NULL, '', '', 0, 0, 1, 1, 'daily', 'interval=1|termination=2012-02-28 22:00:00', 2, NULL),
(13, '2012-02-18 04:18:50', NULL, '', '', 0, 0, 1, 1, 'daily', 'interval=1|termination=2012-02-28 22:00:00', 2, NULL),
(14, '2012-02-18 04:19:10', NULL, '', '', 0, 0, 1, 1, 'daily', 'interval=1|termination=2012-02-28 22:00:00', 2, NULL),
(15, '2012-02-18 04:19:26', NULL, '', '', 0, 0, 1, 1, 'daily', 'interval=1|termination=2012-02-28 22:00:00', 2, NULL),
(16, '2012-02-18 04:19:35', NULL, '', '', 0, 0, 1, 1, 'daily', 'interval=1|termination=2012-02-28 22:00:00', 2, NULL),
(17, '2012-02-18 04:19:46', NULL, '', '', 0, 0, 1, 1, 'daily', 'interval=1|termination=2012-02-28 22:00:00', 2, NULL),
(18, '2012-02-18 04:19:54', NULL, '', '', 0, 0, 1, 1, 'daily', 'interval=1|termination=2012-02-28 22:00:00', 2, NULL),
(19, '2012-02-18 04:20:14', NULL, '', '', 0, 0, 1, 1, 'daily', 'interval=1|termination=2012-02-28 22:00:00', 2, NULL),
(20, '2012-02-18 04:20:23', NULL, '', '', 0, 0, 1, 1, 'daily', 'interval=1|termination=2012-02-28 22:00:00', 2, NULL),
(21, '2012-02-18 04:20:36', NULL, '', '', 0, 0, 1, 1, 'daily', 'interval=1|termination=2012-02-28 22:00:00', 2, NULL),
(22, '2012-02-18 04:20:45', NULL, '', '', 0, 0, 1, 1, 'daily', 'interval=1|termination=2012-02-28 22:00:00', 2, NULL),
(23, '2012-02-18 04:20:54', NULL, '', '', 0, 0, 1, 1, 'daily', 'interval=1|termination=2012-02-28 22:00:00', 2, NULL),
(24, '2012-02-18 04:21:04', NULL, '', '', 0, 0, 1, 1, 'daily', 'interval=1|termination=2012-02-28 22:00:00', 2, NULL),
(25, '2012-02-18 04:21:12', NULL, '', '', 0, 0, 1, 1, 'daily', 'interval=1|termination=2012-02-28 22:00:00', 2, NULL),
(26, '2012-02-18 04:21:21', NULL, '', '', 0, 0, 1, 1, 'daily', 'interval=1|termination=2012-02-28 22:00:00', 2, NULL),
(27, '2012-02-18 04:21:31', NULL, '', '', 0, 0, 1, 1, 'daily', 'interval=1|termination=2012-02-28 22:00:00', 2, NULL),
(28, '2012-02-18 04:21:40', NULL, '', '', 0, 0, 1, 1, 'daily', 'interval=1|termination=2012-02-28 22:00:00', 2, NULL),
(29, '2012-02-18 04:22:13', NULL, '', '', 0, 0, 1, 1, 'none', '', 2, NULL),
(30, '2012-02-18 04:22:24', NULL, '', '', 0, 0, 1, 1, 'daily', 'interval=1|termination=2012-02-28 22:00:00', 2, NULL),
(31, '2012-02-18 04:22:41', NULL, '', '', 0, 0, 1, 1, 'daily', 'interval=1|termination=2012-02-28 22:00:00', 2, NULL),
(32, '2012-02-18 05:06:11', NULL, '', '', 0, 0, 1, 1, 'daily', 'interval=1|termination=2012-02-28 22:00:00', 2, NULL),
(33, '2012-02-18 05:10:34', NULL, '', '', 0, 0, 1, 1, 'daily', 'interval=1|termination=2012-02-28 22:00:00', 2, NULL),
(34, '2012-02-18 05:11:02', NULL, '', '', 0, 0, 1, 1, 'daily', 'interval=1|termination=2012-02-28 22:00:00', 2, NULL),
(35, '2012-02-18 05:11:14', NULL, '', '', 0, 0, 1, 1, 'daily', 'interval=1|termination=2012-02-12 22:00:00', 2, NULL),
(36, '2012-02-18 05:11:31', NULL, '', '', 0, 0, 1, 1, 'daily', 'interval=1|termination=2012-02-28 22:00:00', 2, NULL),
(37, '2012-02-18 05:12:03', NULL, '', '', 0, 0, 1, 1, 'daily', 'interval=1|termination=2012-02-28 22:00:00', 2, NULL),
(38, '2012-02-18 05:14:11', NULL, '', '', 0, 0, 1, 1, 'none', '', 2, NULL),
(39, '2012-02-18 05:15:54', NULL, '', '', 0, 0, 1, 1, 'none', '', 2, NULL);

INSERT INTO `reservation_instances` (`reservation_instance_id`, `start_date`, `end_date`, `reference_number`, `series_id`) VALUES
(1, '2012-02-11 23:30:00', '2012-02-12 00:00:00', '4f3f25e721075', 1),
(2, '2012-02-12 23:30:00', '2012-02-13 00:00:00', '4f3f25e723bc8', 1),
(3, '2012-02-13 23:30:00', '2012-02-14 00:00:00', '4f3f25e723beb', 1),
(4, '2012-02-14 23:30:00', '2012-02-15 00:00:00', '4f3f25e723c0e', 1),
(5, '2012-02-15 23:30:00', '2012-02-16 00:00:00', '4f3f25e723c3e', 1),
(6, '2012-02-16 23:30:00', '2012-02-17 00:00:00', '4f3f25e723c6b', 1),
(7, '2012-02-17 23:30:00', '2012-02-18 00:00:00', '4f3f25e723c8e', 1),
(8, '2012-02-18 23:30:00', '2012-02-19 00:00:00', '4f3f25e723caa', 1),
(9, '2012-02-19 23:30:00', '2012-02-20 00:00:00', '4f3f25e723cc7', 1),
(10, '2012-02-20 23:30:00', '2012-02-21 00:00:00', '4f3f25e723ce6', 1),
(11, '2012-02-21 23:30:00', '2012-02-22 00:00:00', '4f3f25e723d02', 1),
(12, '2012-02-22 23:30:00', '2012-02-23 00:00:00', '4f3f25e723d1f', 1),
(13, '2012-02-23 23:30:00', '2012-02-24 00:00:00', '4f3f25e723d3b', 1),
(14, '2012-02-24 23:30:00', '2012-02-25 00:00:00', '4f3f25e723d58', 1),
(15, '2012-02-25 23:30:00', '2012-02-26 00:00:00', '4f3f25e723d75', 1),
(16, '2012-02-26 23:30:00', '2012-02-27 00:00:00', '4f3f25e723d92', 1),
(17, '2012-02-27 23:30:00', '2012-02-28 00:00:00', '4f3f25e723dae', 1),
(18, '2012-02-28 23:30:00', '2012-02-29 00:00:00', '4f3f25e723dcc', 1),
(19, '2012-02-11 23:00:00', '2012-02-11 23:30:00', '4f3f25f67c66f', 2),
(20, '2012-02-12 23:00:00', '2012-02-12 23:30:00', '4f3f25f67f12e', 2),
(21, '2012-02-13 23:00:00', '2012-02-13 23:30:00', '4f3f25f67f152', 2),
(22, '2012-02-14 23:00:00', '2012-02-14 23:30:00', '4f3f25f67f18d', 2),
(23, '2012-02-15 23:00:00', '2012-02-15 23:30:00', '4f3f25f67f1b1', 2),
(24, '2012-02-16 23:00:00', '2012-02-16 23:30:00', '4f3f25f67f1d0', 2),
(25, '2012-02-17 23:00:00', '2012-02-17 23:30:00', '4f3f25f67f1f1', 2),
(26, '2012-02-18 23:00:00', '2012-02-18 23:30:00', '4f3f25f67f20e', 2),
(27, '2012-02-19 23:00:00', '2012-02-19 23:30:00', '4f3f25f67f22b', 2),
(28, '2012-02-20 23:00:00', '2012-02-20 23:30:00', '4f3f25f67f249', 2),
(29, '2012-02-21 23:00:00', '2012-02-21 23:30:00', '4f3f25f67f266', 2),
(30, '2012-02-22 23:00:00', '2012-02-22 23:30:00', '4f3f25f67f282', 2),
(31, '2012-02-23 23:00:00', '2012-02-23 23:30:00', '4f3f25f67f29f', 2),
(32, '2012-02-24 23:00:00', '2012-02-24 23:30:00', '4f3f25f67f2bc', 2),
(33, '2012-02-25 23:00:00', '2012-02-25 23:30:00', '4f3f25f67f2d9', 2),
(34, '2012-02-26 23:00:00', '2012-02-26 23:30:00', '4f3f25f67f2f5', 2),
(35, '2012-02-27 23:00:00', '2012-02-27 23:30:00', '4f3f25f67f312', 2),
(36, '2012-02-28 23:00:00', '2012-02-28 23:30:00', '4f3f25f67f330', 2),
(37, '2012-02-11 23:00:00', '2012-02-11 23:30:00', '4f3f26003bbf6', 3),
(38, '2012-02-12 23:00:00', '2012-02-12 23:30:00', '4f3f26003e529', 3),
(39, '2012-02-13 23:00:00', '2012-02-13 23:30:00', '4f3f26003e54d', 3),
(40, '2012-02-14 23:00:00', '2012-02-14 23:30:00', '4f3f26003e56a', 3),
(41, '2012-02-15 23:00:00', '2012-02-15 23:30:00', '4f3f26003e587', 3),
(42, '2012-02-16 23:00:00', '2012-02-16 23:30:00', '4f3f26003e5a4', 3),
(43, '2012-02-17 23:00:00', '2012-02-17 23:30:00', '4f3f26003e5c2', 3),
(44, '2012-02-18 23:00:00', '2012-02-18 23:30:00', '4f3f26003e5de', 3),
(45, '2012-02-19 23:00:00', '2012-02-19 23:30:00', '4f3f26003e5fb', 3),
(46, '2012-02-20 23:00:00', '2012-02-20 23:30:00', '4f3f26003e619', 3),
(47, '2012-02-21 23:00:00', '2012-02-21 23:30:00', '4f3f26003e636', 3),
(48, '2012-02-22 23:00:00', '2012-02-22 23:30:00', '4f3f26003e653', 3),
(49, '2012-02-23 23:00:00', '2012-02-23 23:30:00', '4f3f26003e66f', 3),
(50, '2012-02-24 23:00:00', '2012-02-24 23:30:00', '4f3f26003e68c', 3),
(51, '2012-02-25 23:00:00', '2012-02-25 23:30:00', '4f3f26003e6a9', 3),
(52, '2012-02-26 23:00:00', '2012-02-26 23:30:00', '4f3f26003e6c6', 3),
(53, '2012-02-27 23:00:00', '2012-02-27 23:30:00', '4f3f26003e6e2', 3),
(54, '2012-02-28 23:00:00', '2012-02-28 23:30:00', '4f3f26003e700', 3),
(55, '2012-02-11 23:30:00', '2012-02-12 00:00:00', '4f3f2609765c2', 4),
(56, '2012-02-12 23:30:00', '2012-02-13 00:00:00', '4f3f2609790ab', 4),
(57, '2012-02-13 23:30:00', '2012-02-14 00:00:00', '4f3f2609790ca', 4),
(58, '2012-02-14 23:30:00', '2012-02-15 00:00:00', '4f3f2609790e7', 4),
(59, '2012-02-15 23:30:00', '2012-02-16 00:00:00', '4f3f260979104', 4),
(60, '2012-02-16 23:30:00', '2012-02-17 00:00:00', '4f3f260979121', 4),
(61, '2012-02-17 23:30:00', '2012-02-18 00:00:00', '4f3f26097913f', 4),
(62, '2012-02-18 23:30:00', '2012-02-19 00:00:00', '4f3f26097915c', 4),
(63, '2012-02-19 23:30:00', '2012-02-20 00:00:00', '4f3f260979178', 4),
(64, '2012-02-20 23:30:00', '2012-02-21 00:00:00', '4f3f26097919c', 4),
(65, '2012-02-21 23:30:00', '2012-02-22 00:00:00', '4f3f2609791bf', 4),
(66, '2012-02-22 23:30:00', '2012-02-23 00:00:00', '4f3f2609791f8', 4),
(67, '2012-02-23 23:30:00', '2012-02-24 00:00:00', '4f3f26097921a', 4),
(68, '2012-02-24 23:30:00', '2012-02-25 00:00:00', '4f3f26097923b', 4),
(69, '2012-02-25 23:30:00', '2012-02-26 00:00:00', '4f3f260979257', 4),
(70, '2012-02-26 23:30:00', '2012-02-27 00:00:00', '4f3f260979274', 4),
(71, '2012-02-27 23:30:00', '2012-02-28 00:00:00', '4f3f260979291', 4),
(72, '2012-02-28 23:30:00', '2012-02-29 00:00:00', '4f3f2609792af', 4),
(73, '2012-02-12 14:00:00', '2012-02-12 14:30:00', '4f3f2613a7704', 5),
(74, '2012-02-13 14:00:00', '2012-02-13 14:30:00', '4f3f2613aa0ee', 5),
(75, '2012-02-14 14:00:00', '2012-02-14 14:30:00', '4f3f2613aa10d', 5),
(76, '2012-02-15 14:00:00', '2012-02-15 14:30:00', '4f3f2613aa12a', 5),
(77, '2012-02-16 14:00:00', '2012-02-16 14:30:00', '4f3f2613aa147', 5),
(78, '2012-02-17 14:00:00', '2012-02-17 14:30:00', '4f3f2613aa165', 5),
(79, '2012-02-18 14:00:00', '2012-02-18 14:30:00', '4f3f2613aa183', 5),
(80, '2012-02-19 14:00:00', '2012-02-19 14:30:00', '4f3f2613aa19f', 5),
(81, '2012-02-20 14:00:00', '2012-02-20 14:30:00', '4f3f2613aa1bc', 5),
(82, '2012-02-21 14:00:00', '2012-02-21 14:30:00', '4f3f2613aa1db', 5),
(83, '2012-02-22 14:00:00', '2012-02-22 14:30:00', '4f3f2613aa1fd', 5),
(84, '2012-02-23 14:00:00', '2012-02-23 14:30:00', '4f3f2613aa21a', 5),
(85, '2012-02-24 14:00:00', '2012-02-24 14:30:00', '4f3f2613aa238', 5),
(86, '2012-02-25 14:00:00', '2012-02-25 14:30:00', '4f3f2613aa259', 5),
(87, '2012-02-26 14:00:00', '2012-02-26 14:30:00', '4f3f2613aa27b', 5),
(88, '2012-02-27 14:00:00', '2012-02-27 14:30:00', '4f3f2613aa29e', 5),
(89, '2012-02-28 14:00:00', '2012-02-28 14:30:00', '4f3f2613aa2d4', 5),
(90, '2012-02-29 14:00:00', '2012-02-29 14:30:00', '4f3f2613aa2ff', 5),
(91, '2012-02-12 14:00:00', '2012-02-12 14:30:00', '4f3f261c9a05f', 6),
(92, '2012-02-13 14:00:00', '2012-02-13 14:30:00', '4f3f261c9ce4a', 6),
(93, '2012-02-14 14:00:00', '2012-02-14 14:30:00', '4f3f261c9ce72', 6),
(94, '2012-02-15 14:00:00', '2012-02-15 14:30:00', '4f3f261c9ce94', 6),
(95, '2012-02-16 14:00:00', '2012-02-16 14:30:00', '4f3f261c9ceb6', 6),
(96, '2012-02-17 14:00:00', '2012-02-17 14:30:00', '4f3f261c9ced9', 6),
(97, '2012-02-18 14:00:00', '2012-02-18 14:30:00', '4f3f261c9cefc', 6),
(98, '2012-02-19 14:00:00', '2012-02-19 14:30:00', '4f3f261c9cf1e', 6),
(99, '2012-02-20 14:00:00', '2012-02-20 14:30:00', '4f3f261c9cf40', 6),
(100, '2012-02-21 14:00:00', '2012-02-21 14:30:00', '4f3f261c9cf63', 6),
(101, '2012-02-22 14:00:00', '2012-02-22 14:30:00', '4f3f261c9cf85', 6),
(102, '2012-02-23 14:00:00', '2012-02-23 14:30:00', '4f3f261c9cfa7', 6),
(103, '2012-02-24 14:00:00', '2012-02-24 14:30:00', '4f3f261c9cfca', 6),
(104, '2012-02-25 14:00:00', '2012-02-25 14:30:00', '4f3f261c9cfec', 6),
(105, '2012-02-26 14:00:00', '2012-02-26 14:30:00', '4f3f261c9d040', 6),
(106, '2012-02-27 14:00:00', '2012-02-27 14:30:00', '4f3f261c9d063', 6),
(107, '2012-02-28 14:00:00', '2012-02-28 14:30:00', '4f3f261c9d085', 6),
(108, '2012-02-29 14:00:00', '2012-02-29 14:30:00', '4f3f261c9d0a9', 6),
(109, '2012-02-12 14:30:00', '2012-02-12 15:00:00', '4f3f263e91602', 7),
(110, '2012-02-13 14:30:00', '2012-02-13 15:00:00', '4f3f263e9402f', 7),
(111, '2012-02-14 14:30:00', '2012-02-14 15:00:00', '4f3f263e9404e', 7),
(112, '2012-02-15 14:30:00', '2012-02-15 15:00:00', '4f3f263e9406b', 7),
(113, '2012-02-16 14:30:00', '2012-02-16 15:00:00', '4f3f263e94088', 7),
(114, '2012-02-17 14:30:00', '2012-02-17 15:00:00', '4f3f263e940a5', 7),
(115, '2012-02-18 14:30:00', '2012-02-18 15:00:00', '4f3f263e940c3', 7),
(116, '2012-02-19 14:30:00', '2012-02-19 15:00:00', '4f3f263e940e0', 7),
(117, '2012-02-20 14:30:00', '2012-02-20 15:00:00', '4f3f263e940fd', 7),
(118, '2012-02-21 14:30:00', '2012-02-21 15:00:00', '4f3f263e9411b', 7),
(119, '2012-02-22 14:30:00', '2012-02-22 15:00:00', '4f3f263e94138', 7),
(120, '2012-02-23 14:30:00', '2012-02-23 15:00:00', '4f3f263e94155', 7),
(121, '2012-02-24 14:30:00', '2012-02-24 15:00:00', '4f3f263e94172', 7),
(122, '2012-02-25 14:30:00', '2012-02-25 15:00:00', '4f3f263e9418f', 7),
(123, '2012-02-26 14:30:00', '2012-02-26 15:00:00', '4f3f263e941ac', 7),
(124, '2012-02-27 14:30:00', '2012-02-27 15:00:00', '4f3f263e941c9', 7),
(125, '2012-02-28 14:30:00', '2012-02-28 15:00:00', '4f3f263e941e6', 7),
(126, '2012-02-29 14:30:00', '2012-02-29 15:00:00', '4f3f263e94204', 7),
(127, '2012-02-12 14:30:00', '2012-02-12 15:00:00', '4f3f26478215f', 8),
(128, '2012-02-13 14:30:00', '2012-02-13 15:00:00', '4f3f264784ccd', 8),
(129, '2012-02-14 14:30:00', '2012-02-14 15:00:00', '4f3f264784cec', 8),
(130, '2012-02-15 14:30:00', '2012-02-15 15:00:00', '4f3f264784d09', 8),
(131, '2012-02-16 14:30:00', '2012-02-16 15:00:00', '4f3f264784d26', 8),
(132, '2012-02-17 14:30:00', '2012-02-17 15:00:00', '4f3f264784d44', 8),
(133, '2012-02-18 14:30:00', '2012-02-18 15:00:00', '4f3f264784d61', 8),
(134, '2012-02-19 14:30:00', '2012-02-19 15:00:00', '4f3f264784d7e', 8),
(135, '2012-02-20 14:30:00', '2012-02-20 15:00:00', '4f3f264784d9b', 8),
(136, '2012-02-21 14:30:00', '2012-02-21 15:00:00', '4f3f264784db9', 8),
(137, '2012-02-22 14:30:00', '2012-02-22 15:00:00', '4f3f264784dd6', 8),
(138, '2012-02-23 14:30:00', '2012-02-23 15:00:00', '4f3f264784df3', 8),
(139, '2012-02-24 14:30:00', '2012-02-24 15:00:00', '4f3f264784e10', 8),
(140, '2012-02-25 14:30:00', '2012-02-25 15:00:00', '4f3f264784e2e', 8),
(141, '2012-02-26 14:30:00', '2012-02-26 15:00:00', '4f3f264784e4b', 8),
(142, '2012-02-27 14:30:00', '2012-02-27 15:00:00', '4f3f264784e68', 8),
(143, '2012-02-28 14:30:00', '2012-02-28 15:00:00', '4f3f264784e84', 8),
(144, '2012-02-29 14:30:00', '2012-02-29 15:00:00', '4f3f264784ea7', 8),
(145, '2012-02-12 15:00:00', '2012-02-12 15:30:00', '4f3f2653f0f93', 9),
(146, '2012-02-13 15:00:00', '2012-02-13 15:30:00', '4f3f2653f3900', 9),
(147, '2012-02-14 15:00:00', '2012-02-14 15:30:00', '4f3f2653f391f', 9),
(148, '2012-02-15 15:00:00', '2012-02-15 15:30:00', '4f3f2653f393c', 9),
(149, '2012-02-16 15:00:00', '2012-02-16 15:30:00', '4f3f2653f3958', 9),
(150, '2012-02-17 15:00:00', '2012-02-17 15:30:00', '4f3f2653f3978', 9),
(151, '2012-02-18 15:00:00', '2012-02-18 15:30:00', '4f3f2653f3995', 9),
(152, '2012-02-19 15:00:00', '2012-02-19 15:30:00', '4f3f2653f39b2', 9),
(153, '2012-02-20 15:00:00', '2012-02-20 15:30:00', '4f3f2653f39ce', 9),
(154, '2012-02-21 15:00:00', '2012-02-21 15:30:00', '4f3f2653f39ee', 9),
(155, '2012-02-22 15:00:00', '2012-02-22 15:30:00', '4f3f2653f3a0b', 9),
(156, '2012-02-23 15:00:00', '2012-02-23 15:30:00', '4f3f2653f3a28', 9),
(157, '2012-02-24 15:00:00', '2012-02-24 15:30:00', '4f3f2653f3a45', 9),
(158, '2012-02-25 15:00:00', '2012-02-25 15:30:00', '4f3f2653f3a63', 9),
(159, '2012-02-26 15:00:00', '2012-02-26 15:30:00', '4f3f2653f3a7f', 9),
(160, '2012-02-27 15:00:00', '2012-02-27 15:30:00', '4f3f2653f3a9d', 9),
(161, '2012-02-28 15:00:00', '2012-02-28 15:30:00', '4f3f2653f3ab9', 9),
(162, '2012-02-29 15:00:00', '2012-02-29 15:30:00', '4f3f2653f3ad9', 9),
(163, '2012-02-12 15:00:00', '2012-02-12 15:30:00', '4f3f268cb1c19', 10),
(164, '2012-02-13 15:00:00', '2012-02-13 15:30:00', '4f3f268cb4792', 10),
(165, '2012-02-14 15:00:00', '2012-02-14 15:30:00', '4f3f268cb47b6', 10),
(166, '2012-02-15 15:00:00', '2012-02-15 15:30:00', '4f3f268cb47d5', 10),
(167, '2012-02-16 15:00:00', '2012-02-16 15:30:00', '4f3f268cb47f2', 10),
(168, '2012-02-17 15:00:00', '2012-02-17 15:30:00', '4f3f268cb4812', 10),
(169, '2012-02-18 15:00:00', '2012-02-18 15:30:00', '4f3f268cb4831', 10),
(170, '2012-02-19 15:00:00', '2012-02-19 15:30:00', '4f3f268cb484f', 10),
(171, '2012-02-20 15:00:00', '2012-02-20 15:30:00', '4f3f268cb486d', 10),
(172, '2012-02-21 15:00:00', '2012-02-21 15:30:00', '4f3f268cb4891', 10),
(173, '2012-02-22 15:00:00', '2012-02-22 15:30:00', '4f3f268cb48b4', 10),
(174, '2012-02-23 15:00:00', '2012-02-23 15:30:00', '4f3f268cb48d6', 10),
(175, '2012-02-24 15:00:00', '2012-02-24 15:30:00', '4f3f268cb48f9', 10),
(176, '2012-02-25 15:00:00', '2012-02-25 15:30:00', '4f3f268cb491e', 10),
(177, '2012-02-26 15:00:00', '2012-02-26 15:30:00', '4f3f268cb493c', 10),
(178, '2012-02-27 15:00:00', '2012-02-27 15:30:00', '4f3f268cb495a', 10),
(179, '2012-02-28 15:00:00', '2012-02-28 15:30:00', '4f3f268cb4978', 10),
(180, '2012-02-29 15:00:00', '2012-02-29 15:30:00', '4f3f268cb4997', 10),
(181, '2012-02-11 22:30:00', '2012-02-11 23:00:00', '4f3f2695caa12', 11),
(182, '2012-02-12 22:30:00', '2012-02-12 23:00:00', '4f3f2695cd414', 11),
(183, '2012-02-13 22:30:00', '2012-02-13 23:00:00', '4f3f2695cd433', 11),
(184, '2012-02-14 22:30:00', '2012-02-14 23:00:00', '4f3f2695cd450', 11),
(185, '2012-02-15 22:30:00', '2012-02-15 23:00:00', '4f3f2695cd46d', 11),
(186, '2012-02-16 22:30:00', '2012-02-16 23:00:00', '4f3f2695cd48f', 11),
(187, '2012-02-17 22:30:00', '2012-02-17 23:00:00', '4f3f2695cd4ae', 11),
(188, '2012-02-18 22:30:00', '2012-02-18 23:00:00', '4f3f2695cd4d2', 11),
(189, '2012-02-19 22:30:00', '2012-02-19 23:00:00', '4f3f2695cd50d', 11),
(190, '2012-02-20 22:30:00', '2012-02-20 23:00:00', '4f3f2695cd531', 11),
(191, '2012-02-21 22:30:00', '2012-02-21 23:00:00', '4f3f2695cd558', 11),
(192, '2012-02-22 22:30:00', '2012-02-22 23:00:00', '4f3f2695cd57b', 11),
(193, '2012-02-23 22:30:00', '2012-02-23 23:00:00', '4f3f2695cd59d', 11),
(194, '2012-02-24 22:30:00', '2012-02-24 23:00:00', '4f3f2695cd5c0', 11),
(195, '2012-02-25 22:30:00', '2012-02-25 23:00:00', '4f3f2695cd5e2', 11),
(196, '2012-02-26 22:30:00', '2012-02-26 23:00:00', '4f3f2695cd604', 11),
(197, '2012-02-27 22:30:00', '2012-02-27 23:00:00', '4f3f2695cd626', 11),
(198, '2012-02-28 22:30:00', '2012-02-28 23:00:00', '4f3f2695cd646', 11),
(199, '2012-02-11 22:30:00', '2012-02-11 23:00:00', '4f3f269f152b8', 12),
(200, '2012-02-12 22:30:00', '2012-02-12 23:00:00', '4f3f269f17cc0', 12),
(201, '2012-02-13 22:30:00', '2012-02-13 23:00:00', '4f3f269f17ced', 12),
(202, '2012-02-14 22:30:00', '2012-02-14 23:00:00', '4f3f269f17d1e', 12),
(203, '2012-02-15 22:30:00', '2012-02-15 23:00:00', '4f3f269f17d40', 12),
(204, '2012-02-16 22:30:00', '2012-02-16 23:00:00', '4f3f269f17d63', 12),
(205, '2012-02-17 22:30:00', '2012-02-17 23:00:00', '4f3f269f17d86', 12),
(206, '2012-02-18 22:30:00', '2012-02-18 23:00:00', '4f3f269f17da9', 12),
(207, '2012-02-19 22:30:00', '2012-02-19 23:00:00', '4f3f269f17dd6', 12),
(208, '2012-02-20 22:30:00', '2012-02-20 23:00:00', '4f3f269f17e0a', 12),
(209, '2012-02-21 22:30:00', '2012-02-21 23:00:00', '4f3f269f17e28', 12),
(210, '2012-02-22 22:30:00', '2012-02-22 23:00:00', '4f3f269f17e4e', 12),
(211, '2012-02-23 22:30:00', '2012-02-23 23:00:00', '4f3f269f17e89', 12),
(212, '2012-02-24 22:30:00', '2012-02-24 23:00:00', '4f3f269f17eac', 12),
(213, '2012-02-25 22:30:00', '2012-02-25 23:00:00', '4f3f269f17ecf', 12),
(214, '2012-02-26 22:30:00', '2012-02-26 23:00:00', '4f3f269f17ef2', 12),
(215, '2012-02-27 22:30:00', '2012-02-27 23:00:00', '4f3f269f17f14', 12),
(216, '2012-02-28 22:30:00', '2012-02-28 23:00:00', '4f3f269f17f38', 12),
(217, '2012-02-11 22:00:00', '2012-02-11 22:30:00', '4f3f26aaaa03f', 13),
(218, '2012-02-12 22:00:00', '2012-02-12 22:30:00', '4f3f26aaacc7d', 13),
(219, '2012-02-13 22:00:00', '2012-02-13 22:30:00', '4f3f26aaacc9c', 13),
(220, '2012-02-14 22:00:00', '2012-02-14 22:30:00', '4f3f26aaaccb9', 13),
(221, '2012-02-15 22:00:00', '2012-02-15 22:30:00', '4f3f26aaaccd6', 13),
(222, '2012-02-16 22:00:00', '2012-02-16 22:30:00', '4f3f26aaaccf6', 13),
(223, '2012-02-17 22:00:00', '2012-02-17 22:30:00', '4f3f26aaacd13', 13),
(224, '2012-02-18 22:00:00', '2012-02-18 22:30:00', '4f3f26aaacd30', 13),
(225, '2012-02-19 22:00:00', '2012-02-19 22:30:00', '4f3f26aaacd4d', 13),
(226, '2012-02-20 22:00:00', '2012-02-20 22:30:00', '4f3f26aaacd6c', 13),
(227, '2012-02-21 22:00:00', '2012-02-21 22:30:00', '4f3f26aaacd89', 13),
(228, '2012-02-22 22:00:00', '2012-02-22 22:30:00', '4f3f26aaacda6', 13),
(229, '2012-02-23 22:00:00', '2012-02-23 22:30:00', '4f3f26aaacdc2', 13),
(230, '2012-02-24 22:00:00', '2012-02-24 22:30:00', '4f3f26aaacddf', 13),
(231, '2012-02-25 22:00:00', '2012-02-25 22:30:00', '4f3f26aaacdfc', 13),
(232, '2012-02-26 22:00:00', '2012-02-26 22:30:00', '4f3f26aaace19', 13),
(233, '2012-02-27 22:00:00', '2012-02-27 22:30:00', '4f3f26aaace35', 13),
(234, '2012-02-28 22:00:00', '2012-02-28 22:30:00', '4f3f26aaace55', 13),
(235, '2012-02-11 22:00:00', '2012-02-11 22:30:00', '4f3f26beb9023', 14),
(236, '2012-02-12 22:00:00', '2012-02-12 22:30:00', '4f3f26bebb999', 14),
(237, '2012-02-13 22:00:00', '2012-02-13 22:30:00', '4f3f26bebb9b7', 14),
(238, '2012-02-14 22:00:00', '2012-02-14 22:30:00', '4f3f26bebb9d4', 14),
(239, '2012-02-15 22:00:00', '2012-02-15 22:30:00', '4f3f26bebb9f1', 14),
(240, '2012-02-16 22:00:00', '2012-02-16 22:30:00', '4f3f26bebba0e', 14),
(241, '2012-02-17 22:00:00', '2012-02-17 22:30:00', '4f3f26bebba2c', 14),
(242, '2012-02-18 22:00:00', '2012-02-18 22:30:00', '4f3f26bebba49', 14),
(243, '2012-02-19 22:00:00', '2012-02-19 22:30:00', '4f3f26bebba66', 14),
(244, '2012-02-20 22:00:00', '2012-02-20 22:30:00', '4f3f26bebba84', 14),
(245, '2012-02-21 22:00:00', '2012-02-21 22:30:00', '4f3f26bebbaa1', 14),
(246, '2012-02-22 22:00:00', '2012-02-22 22:30:00', '4f3f26bebbabd', 14),
(247, '2012-02-23 22:00:00', '2012-02-23 22:30:00', '4f3f26bebbada', 14),
(248, '2012-02-24 22:00:00', '2012-02-24 22:30:00', '4f3f26bebbaf7', 14),
(249, '2012-02-25 22:00:00', '2012-02-25 22:30:00', '4f3f26bebbb13', 14),
(250, '2012-02-26 22:00:00', '2012-02-26 22:30:00', '4f3f26bebbb30', 14),
(251, '2012-02-27 22:00:00', '2012-02-27 22:30:00', '4f3f26bebbb4d', 14),
(252, '2012-02-28 22:00:00', '2012-02-28 22:30:00', '4f3f26bebbb6a', 14),
(253, '2012-02-12 15:30:00', '2012-02-12 16:00:00', '4f3f26ce17fdc', 15),
(254, '2012-02-13 15:30:00', '2012-02-13 16:00:00', '4f3f26ce1aa7f', 15),
(255, '2012-02-14 15:30:00', '2012-02-14 16:00:00', '4f3f26ce1aa9f', 15),
(256, '2012-02-15 15:30:00', '2012-02-15 16:00:00', '4f3f26ce1aabc', 15),
(257, '2012-02-16 15:30:00', '2012-02-16 16:00:00', '4f3f26ce1aad8', 15),
(258, '2012-02-17 15:30:00', '2012-02-17 16:00:00', '4f3f26ce1aaf6', 15),
(259, '2012-02-18 15:30:00', '2012-02-18 16:00:00', '4f3f26ce1ab14', 15),
(260, '2012-02-19 15:30:00', '2012-02-19 16:00:00', '4f3f26ce1ab31', 15),
(261, '2012-02-20 15:30:00', '2012-02-20 16:00:00', '4f3f26ce1ab51', 15),
(262, '2012-02-21 15:30:00', '2012-02-21 16:00:00', '4f3f26ce1ab71', 15),
(263, '2012-02-22 15:30:00', '2012-02-22 16:00:00', '4f3f26ce1ab96', 15),
(264, '2012-02-23 15:30:00', '2012-02-23 16:00:00', '4f3f26ce1abce', 15),
(265, '2012-02-24 15:30:00', '2012-02-24 16:00:00', '4f3f26ce1abf3', 15),
(266, '2012-02-25 15:30:00', '2012-02-25 16:00:00', '4f3f26ce1ac10', 15),
(267, '2012-02-26 15:30:00', '2012-02-26 16:00:00', '4f3f26ce1ac2c', 15),
(268, '2012-02-27 15:30:00', '2012-02-27 16:00:00', '4f3f26ce1ac49', 15),
(269, '2012-02-28 15:30:00', '2012-02-28 16:00:00', '4f3f26ce1ac65', 15),
(270, '2012-02-29 15:30:00', '2012-02-29 16:00:00', '4f3f26ce1ac83', 15),
(271, '2012-02-12 16:00:00', '2012-02-12 16:30:00', '4f3f26d77b19c', 16),
(272, '2012-02-13 16:00:00', '2012-02-13 16:30:00', '4f3f26d77dbd8', 16),
(273, '2012-02-14 16:00:00', '2012-02-14 16:30:00', '4f3f26d77dbf7', 16),
(274, '2012-02-15 16:00:00', '2012-02-15 16:30:00', '4f3f26d77dc13', 16),
(275, '2012-02-16 16:00:00', '2012-02-16 16:30:00', '4f3f26d77dc30', 16),
(276, '2012-02-17 16:00:00', '2012-02-17 16:30:00', '4f3f26d77dc4e', 16),
(277, '2012-02-18 16:00:00', '2012-02-18 16:30:00', '4f3f26d77dc6b', 16),
(278, '2012-02-19 16:00:00', '2012-02-19 16:30:00', '4f3f26d77dc88', 16),
(279, '2012-02-20 16:00:00', '2012-02-20 16:30:00', '4f3f26d77dca4', 16),
(280, '2012-02-21 16:00:00', '2012-02-21 16:30:00', '4f3f26d77dcc2', 16),
(281, '2012-02-22 16:00:00', '2012-02-22 16:30:00', '4f3f26d77dcdf', 16),
(282, '2012-02-23 16:00:00', '2012-02-23 16:30:00', '4f3f26d77dcfc', 16),
(283, '2012-02-24 16:00:00', '2012-02-24 16:30:00', '4f3f26d77dd19', 16),
(284, '2012-02-25 16:00:00', '2012-02-25 16:30:00', '4f3f26d77dd36', 16),
(285, '2012-02-26 16:00:00', '2012-02-26 16:30:00', '4f3f26d77dd52', 16),
(286, '2012-02-27 16:00:00', '2012-02-27 16:30:00', '4f3f26d77dd6f', 16),
(287, '2012-02-28 16:00:00', '2012-02-28 16:30:00', '4f3f26d77dd8b', 16),
(288, '2012-02-29 16:00:00', '2012-02-29 16:30:00', '4f3f26d77dda9', 16),
(289, '2012-02-12 15:30:00', '2012-02-12 16:00:00', '4f3f26e2419d6', 17),
(290, '2012-02-13 15:30:00', '2012-02-13 16:00:00', '4f3f26e2443e9', 17),
(291, '2012-02-14 15:30:00', '2012-02-14 16:00:00', '4f3f26e244407', 17),
(292, '2012-02-15 15:30:00', '2012-02-15 16:00:00', '4f3f26e244424', 17),
(293, '2012-02-16 15:30:00', '2012-02-16 16:00:00', '4f3f26e244441', 17),
(294, '2012-02-17 15:30:00', '2012-02-17 16:00:00', '4f3f26e24445f', 17),
(295, '2012-02-18 15:30:00', '2012-02-18 16:00:00', '4f3f26e24447c', 17),
(296, '2012-02-19 15:30:00', '2012-02-19 16:00:00', '4f3f26e244498', 17),
(297, '2012-02-20 15:30:00', '2012-02-20 16:00:00', '4f3f26e2444b5', 17),
(298, '2012-02-21 15:30:00', '2012-02-21 16:00:00', '4f3f26e2444d3', 17),
(299, '2012-02-22 15:30:00', '2012-02-22 16:00:00', '4f3f26e2444f0', 17),
(300, '2012-02-23 15:30:00', '2012-02-23 16:00:00', '4f3f26e24450d', 17),
(301, '2012-02-24 15:30:00', '2012-02-24 16:00:00', '4f3f26e244529', 17),
(302, '2012-02-25 15:30:00', '2012-02-25 16:00:00', '4f3f26e244547', 17),
(303, '2012-02-26 15:30:00', '2012-02-26 16:00:00', '4f3f26e244564', 17),
(304, '2012-02-27 15:30:00', '2012-02-27 16:00:00', '4f3f26e244584', 17),
(305, '2012-02-28 15:30:00', '2012-02-28 16:00:00', '4f3f26e2445a7', 17),
(306, '2012-02-29 15:30:00', '2012-02-29 16:00:00', '4f3f26e2445da', 17),
(307, '2012-02-12 16:30:00', '2012-02-12 17:00:00', '4f3f26eaa848a', 18),
(308, '2012-02-13 16:30:00', '2012-02-13 17:00:00', '4f3f26eaaaeab', 18),
(309, '2012-02-14 16:30:00', '2012-02-14 17:00:00', '4f3f26eaaaecb', 18),
(310, '2012-02-15 16:30:00', '2012-02-15 17:00:00', '4f3f26eaaaeec', 18),
(311, '2012-02-16 16:30:00', '2012-02-16 17:00:00', '4f3f26eaaaf09', 18),
(312, '2012-02-17 16:30:00', '2012-02-17 17:00:00', '4f3f26eaaaf27', 18),
(313, '2012-02-18 16:30:00', '2012-02-18 17:00:00', '4f3f26eaaaf44', 18),
(314, '2012-02-19 16:30:00', '2012-02-19 17:00:00', '4f3f26eaaaf61', 18),
(315, '2012-02-20 16:30:00', '2012-02-20 17:00:00', '4f3f26eaaaf7d', 18),
(316, '2012-02-21 16:30:00', '2012-02-21 17:00:00', '4f3f26eaaaf9b', 18),
(317, '2012-02-22 16:30:00', '2012-02-22 17:00:00', '4f3f26eaaafb8', 18),
(318, '2012-02-23 16:30:00', '2012-02-23 17:00:00', '4f3f26eaaafd5', 18),
(319, '2012-02-24 16:30:00', '2012-02-24 17:00:00', '4f3f26eaaaff1', 18),
(320, '2012-02-25 16:30:00', '2012-02-25 17:00:00', '4f3f26eaab00e', 18),
(321, '2012-02-26 16:30:00', '2012-02-26 17:00:00', '4f3f26eaab02b', 18),
(322, '2012-02-27 16:30:00', '2012-02-27 17:00:00', '4f3f26eaab048', 18),
(323, '2012-02-28 16:30:00', '2012-02-28 17:00:00', '4f3f26eaab065', 18),
(324, '2012-02-29 16:30:00', '2012-02-29 17:00:00', '4f3f26eaab082', 18),
(325, '2012-02-12 17:00:00', '2012-02-12 17:30:00', '4f3f26fe10cc4', 19),
(326, '2012-02-13 17:00:00', '2012-02-13 17:30:00', '4f3f26fe1369b', 19),
(327, '2012-02-14 17:00:00', '2012-02-14 17:30:00', '4f3f26fe136b9', 19),
(328, '2012-02-15 17:00:00', '2012-02-15 17:30:00', '4f3f26fe136d6', 19),
(329, '2012-02-16 17:00:00', '2012-02-16 17:30:00', '4f3f26fe136f3', 19),
(330, '2012-02-17 17:00:00', '2012-02-17 17:30:00', '4f3f26fe13711', 19),
(331, '2012-02-18 17:00:00', '2012-02-18 17:30:00', '4f3f26fe1372e', 19),
(332, '2012-02-19 17:00:00', '2012-02-19 17:30:00', '4f3f26fe1374b', 19),
(333, '2012-02-20 17:00:00', '2012-02-20 17:30:00', '4f3f26fe13767', 19),
(334, '2012-02-21 17:00:00', '2012-02-21 17:30:00', '4f3f26fe13785', 19),
(335, '2012-02-22 17:00:00', '2012-02-22 17:30:00', '4f3f26fe137a2', 19),
(336, '2012-02-23 17:00:00', '2012-02-23 17:30:00', '4f3f26fe137bf', 19),
(337, '2012-02-24 17:00:00', '2012-02-24 17:30:00', '4f3f26fe137db', 19),
(338, '2012-02-25 17:00:00', '2012-02-25 17:30:00', '4f3f26fe137f8', 19),
(339, '2012-02-26 17:00:00', '2012-02-26 17:30:00', '4f3f26fe13819', 19),
(340, '2012-02-27 17:00:00', '2012-02-27 17:30:00', '4f3f26fe13837', 19),
(341, '2012-02-28 17:00:00', '2012-02-28 17:30:00', '4f3f26fe1385b', 19),
(342, '2012-02-29 17:00:00', '2012-02-29 17:30:00', '4f3f26fe13896', 19),
(343, '2012-02-12 16:00:00', '2012-02-12 16:30:00', '4f3f2706e38ed', 20),
(344, '2012-02-13 16:00:00', '2012-02-13 16:30:00', '4f3f2706e6393', 20),
(345, '2012-02-14 16:00:00', '2012-02-14 16:30:00', '4f3f2706e63d5', 20),
(346, '2012-02-15 16:00:00', '2012-02-15 16:30:00', '4f3f2706e63fa', 20),
(347, '2012-02-16 16:00:00', '2012-02-16 16:30:00', '4f3f2706e6419', 20),
(348, '2012-02-17 16:00:00', '2012-02-17 16:30:00', '4f3f2706e643e', 20),
(349, '2012-02-18 16:00:00', '2012-02-18 16:30:00', '4f3f2706e6477', 20),
(350, '2012-02-19 16:00:00', '2012-02-19 16:30:00', '4f3f2706e649a', 20),
(351, '2012-02-20 16:00:00', '2012-02-20 16:30:00', '4f3f2706e64bd', 20),
(352, '2012-02-21 16:00:00', '2012-02-21 16:30:00', '4f3f2706e64dc', 20),
(353, '2012-02-22 16:00:00', '2012-02-22 16:30:00', '4f3f2706e64f9', 20),
(354, '2012-02-23 16:00:00', '2012-02-23 16:30:00', '4f3f2706e6516', 20),
(355, '2012-02-24 16:00:00', '2012-02-24 16:30:00', '4f3f2706e6533', 20),
(356, '2012-02-25 16:00:00', '2012-02-25 16:30:00', '4f3f2706e6550', 20),
(357, '2012-02-26 16:00:00', '2012-02-26 16:30:00', '4f3f2706e656e', 20),
(358, '2012-02-27 16:00:00', '2012-02-27 16:30:00', '4f3f2706e658b', 20),
(359, '2012-02-28 16:00:00', '2012-02-28 16:30:00', '4f3f2706e65a8', 20),
(360, '2012-02-29 16:00:00', '2012-02-29 16:30:00', '4f3f2706e65c7', 20),
(361, '2012-02-12 17:30:00', '2012-02-12 18:00:00', '4f3f271475c00', 21),
(362, '2012-02-13 17:30:00', '2012-02-13 18:00:00', '4f3f2714785fd', 21),
(363, '2012-02-14 17:30:00', '2012-02-14 18:00:00', '4f3f27147861c', 21),
(364, '2012-02-15 17:30:00', '2012-02-15 18:00:00', '4f3f271478639', 21),
(365, '2012-02-16 17:30:00', '2012-02-16 18:00:00', '4f3f271478656', 21),
(366, '2012-02-17 17:30:00', '2012-02-17 18:00:00', '4f3f271478674', 21),
(367, '2012-02-18 17:30:00', '2012-02-18 18:00:00', '4f3f271478692', 21),
(368, '2012-02-19 17:30:00', '2012-02-19 18:00:00', '4f3f2714786ae', 21),
(369, '2012-02-20 17:30:00', '2012-02-20 18:00:00', '4f3f2714786cb', 21),
(370, '2012-02-21 17:30:00', '2012-02-21 18:00:00', '4f3f2714786e9', 21),
(371, '2012-02-22 17:30:00', '2012-02-22 18:00:00', '4f3f271478706', 21),
(372, '2012-02-23 17:30:00', '2012-02-23 18:00:00', '4f3f271478723', 21),
(373, '2012-02-24 17:30:00', '2012-02-24 18:00:00', '4f3f27147873f', 21),
(374, '2012-02-25 17:30:00', '2012-02-25 18:00:00', '4f3f27147875d', 21),
(375, '2012-02-26 17:30:00', '2012-02-26 18:00:00', '4f3f27147877a', 21),
(376, '2012-02-27 17:30:00', '2012-02-27 18:00:00', '4f3f271478797', 21),
(377, '2012-02-28 17:30:00', '2012-02-28 18:00:00', '4f3f2714787b3', 21),
(378, '2012-02-29 17:30:00', '2012-02-29 18:00:00', '4f3f2714787d1', 21),
(379, '2012-02-12 18:00:00', '2012-02-12 18:30:00', '4f3f271d398e9', 22),
(380, '2012-02-13 18:00:00', '2012-02-13 18:30:00', '4f3f271d3c2f2', 22),
(381, '2012-02-14 18:00:00', '2012-02-14 18:30:00', '4f3f271d3c310', 22),
(382, '2012-02-15 18:00:00', '2012-02-15 18:30:00', '4f3f271d3c32d', 22),
(383, '2012-02-16 18:00:00', '2012-02-16 18:30:00', '4f3f271d3c34a', 22),
(384, '2012-02-17 18:00:00', '2012-02-17 18:30:00', '4f3f271d3c368', 22),
(385, '2012-02-18 18:00:00', '2012-02-18 18:30:00', '4f3f271d3c385', 22),
(386, '2012-02-19 18:00:00', '2012-02-19 18:30:00', '4f3f271d3c3a2', 22),
(387, '2012-02-20 18:00:00', '2012-02-20 18:30:00', '4f3f271d3c3be', 22),
(388, '2012-02-21 18:00:00', '2012-02-21 18:30:00', '4f3f271d3c3dc', 22),
(389, '2012-02-22 18:00:00', '2012-02-22 18:30:00', '4f3f271d3c3f9', 22),
(390, '2012-02-23 18:00:00', '2012-02-23 18:30:00', '4f3f271d3c416', 22),
(391, '2012-02-24 18:00:00', '2012-02-24 18:30:00', '4f3f271d3c432', 22),
(392, '2012-02-25 18:00:00', '2012-02-25 18:30:00', '4f3f271d3c450', 22),
(393, '2012-02-26 18:00:00', '2012-02-26 18:30:00', '4f3f271d3c46c', 22),
(394, '2012-02-27 18:00:00', '2012-02-27 18:30:00', '4f3f271d3c489', 22),
(395, '2012-02-28 18:00:00', '2012-02-28 18:30:00', '4f3f271d3c4a5', 22),
(396, '2012-02-29 18:00:00', '2012-02-29 18:30:00', '4f3f271d3c4c3', 22),
(397, '2012-02-12 18:30:00', '2012-02-12 19:00:00', '4f3f272676516', 23),
(398, '2012-02-13 18:30:00', '2012-02-13 19:00:00', '4f3f272678f64', 23),
(399, '2012-02-14 18:30:00', '2012-02-14 19:00:00', '4f3f272678f84', 23),
(400, '2012-02-15 18:30:00', '2012-02-15 19:00:00', '4f3f272678fa2', 23),
(401, '2012-02-16 18:30:00', '2012-02-16 19:00:00', '4f3f272678fc0', 23),
(402, '2012-02-17 18:30:00', '2012-02-17 19:00:00', '4f3f272678fdf', 23),
(403, '2012-02-18 18:30:00', '2012-02-18 19:00:00', '4f3f272678ffd', 23),
(404, '2012-02-19 18:30:00', '2012-02-19 19:00:00', '4f3f27267901b', 23),
(405, '2012-02-20 18:30:00', '2012-02-20 19:00:00', '4f3f27267903f', 23),
(406, '2012-02-21 18:30:00', '2012-02-21 19:00:00', '4f3f272679064', 23),
(407, '2012-02-22 18:30:00', '2012-02-22 19:00:00', '4f3f272679088', 23),
(408, '2012-02-23 18:30:00', '2012-02-23 19:00:00', '4f3f2726790a7', 23),
(409, '2012-02-24 18:30:00', '2012-02-24 19:00:00', '4f3f2726790c5', 23),
(410, '2012-02-25 18:30:00', '2012-02-25 19:00:00', '4f3f2726790e3', 23),
(411, '2012-02-26 18:30:00', '2012-02-26 19:00:00', '4f3f272679102', 23),
(412, '2012-02-27 18:30:00', '2012-02-27 19:00:00', '4f3f27267911f', 23),
(413, '2012-02-28 18:30:00', '2012-02-28 19:00:00', '4f3f27267913d', 23),
(414, '2012-02-29 18:30:00', '2012-02-29 19:00:00', '4f3f27267915c', 23),
(415, '2012-02-12 19:00:00', '2012-02-12 19:30:00', '4f3f272fd2748', 24),
(416, '2012-02-13 19:00:00', '2012-02-13 19:30:00', '4f3f272fd5192', 24),
(417, '2012-02-14 19:00:00', '2012-02-14 19:30:00', '4f3f272fd51b2', 24),
(418, '2012-02-15 19:00:00', '2012-02-15 19:30:00', '4f3f272fd51d0', 24),
(419, '2012-02-16 19:00:00', '2012-02-16 19:30:00', '4f3f272fd51ee', 24),
(420, '2012-02-17 19:00:00', '2012-02-17 19:30:00', '4f3f272fd520f', 24),
(421, '2012-02-18 19:00:00', '2012-02-18 19:30:00', '4f3f272fd522e', 24),
(422, '2012-02-19 19:00:00', '2012-02-19 19:30:00', '4f3f272fd524b', 24),
(423, '2012-02-20 19:00:00', '2012-02-20 19:30:00', '4f3f272fd5269', 24),
(424, '2012-02-21 19:00:00', '2012-02-21 19:30:00', '4f3f272fd528a', 24),
(425, '2012-02-22 19:00:00', '2012-02-22 19:30:00', '4f3f272fd52a8', 24),
(426, '2012-02-23 19:00:00', '2012-02-23 19:30:00', '4f3f272fd52c6', 24),
(427, '2012-02-24 19:00:00', '2012-02-24 19:30:00', '4f3f272fd52e4', 24),
(428, '2012-02-25 19:00:00', '2012-02-25 19:30:00', '4f3f272fd5303', 24),
(429, '2012-02-26 19:00:00', '2012-02-26 19:30:00', '4f3f272fd5321', 24),
(430, '2012-02-27 19:00:00', '2012-02-27 19:30:00', '4f3f272fd533e', 24),
(431, '2012-02-28 19:00:00', '2012-02-28 19:30:00', '4f3f272fd535c', 24),
(432, '2012-02-29 19:00:00', '2012-02-29 19:30:00', '4f3f272fd537d', 24),
(433, '2012-02-12 19:30:00', '2012-02-12 20:00:00', '4f3f273870f79', 25),
(434, '2012-02-13 19:30:00', '2012-02-13 20:00:00', '4f3f273873d7e', 25),
(435, '2012-02-14 19:30:00', '2012-02-14 20:00:00', '4f3f273873da7', 25),
(436, '2012-02-15 19:30:00', '2012-02-15 20:00:00', '4f3f273873dc9', 25),
(437, '2012-02-16 19:30:00', '2012-02-16 20:00:00', '4f3f273873dec', 25),
(438, '2012-02-17 19:30:00', '2012-02-17 20:00:00', '4f3f273873e0f', 25),
(439, '2012-02-18 19:30:00', '2012-02-18 20:00:00', '4f3f273873e32', 25),
(440, '2012-02-19 19:30:00', '2012-02-19 20:00:00', '4f3f273873e54', 25),
(441, '2012-02-20 19:30:00', '2012-02-20 20:00:00', '4f3f273873e77', 25),
(442, '2012-02-21 19:30:00', '2012-02-21 20:00:00', '4f3f273873e9b', 25),
(443, '2012-02-22 19:30:00', '2012-02-22 20:00:00', '4f3f273873ebe', 25),
(444, '2012-02-23 19:30:00', '2012-02-23 20:00:00', '4f3f273873ee0', 25),
(445, '2012-02-24 19:30:00', '2012-02-24 20:00:00', '4f3f273873f02', 25),
(446, '2012-02-25 19:30:00', '2012-02-25 20:00:00', '4f3f273873f25', 25),
(447, '2012-02-26 19:30:00', '2012-02-26 20:00:00', '4f3f273873f47', 25),
(448, '2012-02-27 19:30:00', '2012-02-27 20:00:00', '4f3f273873f69', 25),
(449, '2012-02-28 19:30:00', '2012-02-28 20:00:00', '4f3f273873f8b', 25),
(450, '2012-02-29 19:30:00', '2012-02-29 20:00:00', '4f3f273873fae', 25),
(451, '2012-02-12 20:00:00', '2012-02-12 20:30:00', '4f3f27416e7fa', 26),
(452, '2012-02-13 20:00:00', '2012-02-13 20:30:00', '4f3f274171224', 26),
(453, '2012-02-14 20:00:00', '2012-02-14 20:30:00', '4f3f274171242', 26),
(454, '2012-02-15 20:00:00', '2012-02-15 20:30:00', '4f3f274171260', 26),
(455, '2012-02-16 20:00:00', '2012-02-16 20:30:00', '4f3f27417127c', 26),
(456, '2012-02-17 20:00:00', '2012-02-17 20:30:00', '4f3f27417129a', 26),
(457, '2012-02-18 20:00:00', '2012-02-18 20:30:00', '4f3f2741712b8', 26),
(458, '2012-02-19 20:00:00', '2012-02-19 20:30:00', '4f3f2741712d4', 26),
(459, '2012-02-20 20:00:00', '2012-02-20 20:30:00', '4f3f2741712f1', 26),
(460, '2012-02-21 20:00:00', '2012-02-21 20:30:00', '4f3f27417130f', 26),
(461, '2012-02-22 20:00:00', '2012-02-22 20:30:00', '4f3f27417132b', 26),
(462, '2012-02-23 20:00:00', '2012-02-23 20:30:00', '4f3f274171348', 26),
(463, '2012-02-24 20:00:00', '2012-02-24 20:30:00', '4f3f274171365', 26),
(464, '2012-02-25 20:00:00', '2012-02-25 20:30:00', '4f3f274171382', 26),
(465, '2012-02-26 20:00:00', '2012-02-26 20:30:00', '4f3f27417139e', 26),
(466, '2012-02-27 20:00:00', '2012-02-27 20:30:00', '4f3f2741713bb', 26),
(467, '2012-02-28 20:00:00', '2012-02-28 20:30:00', '4f3f2741713d8', 26),
(468, '2012-02-29 20:00:00', '2012-02-29 20:30:00', '4f3f2741713f6', 26),
(469, '2012-02-12 20:30:00', '2012-02-12 21:00:00', '4f3f274b102f0', 27),
(470, '2012-02-13 20:30:00', '2012-02-13 21:00:00', '4f3f274b12c57', 27),
(471, '2012-02-14 20:30:00', '2012-02-14 21:00:00', '4f3f274b12c76', 27),
(472, '2012-02-15 20:30:00', '2012-02-15 21:00:00', '4f3f274b12c93', 27),
(473, '2012-02-16 20:30:00', '2012-02-16 21:00:00', '4f3f274b12caf', 27),
(474, '2012-02-17 20:30:00', '2012-02-17 21:00:00', '4f3f274b12cce', 27),
(475, '2012-02-18 20:30:00', '2012-02-18 21:00:00', '4f3f274b12ceb', 27),
(476, '2012-02-19 20:30:00', '2012-02-19 21:00:00', '4f3f274b12d08', 27),
(477, '2012-02-20 20:30:00', '2012-02-20 21:00:00', '4f3f274b12d25', 27),
(478, '2012-02-21 20:30:00', '2012-02-21 21:00:00', '4f3f274b12d43', 27),
(479, '2012-02-22 20:30:00', '2012-02-22 21:00:00', '4f3f274b12d61', 27),
(480, '2012-02-23 20:30:00', '2012-02-23 21:00:00', '4f3f274b12d7d', 27),
(481, '2012-02-24 20:30:00', '2012-02-24 21:00:00', '4f3f274b12d9a', 27),
(482, '2012-02-25 20:30:00', '2012-02-25 21:00:00', '4f3f274b12db8', 27),
(483, '2012-02-26 20:30:00', '2012-02-26 21:00:00', '4f3f274b12dd5', 27),
(484, '2012-02-27 20:30:00', '2012-02-27 21:00:00', '4f3f274b12df2', 27),
(485, '2012-02-28 20:30:00', '2012-02-28 21:00:00', '4f3f274b12e0e', 27),
(486, '2012-02-29 20:30:00', '2012-02-29 21:00:00', '4f3f274b12e2c', 27),
(487, '2012-02-12 21:00:00', '2012-02-12 21:30:00', '4f3f275456a5a', 28),
(488, '2012-02-13 21:00:00', '2012-02-13 21:30:00', '4f3f275459432', 28),
(489, '2012-02-14 21:00:00', '2012-02-14 21:30:00', '4f3f275459457', 28),
(490, '2012-02-15 21:00:00', '2012-02-15 21:30:00', '4f3f275459493', 28),
(491, '2012-02-16 21:00:00', '2012-02-16 21:30:00', '4f3f2754594b7', 28),
(492, '2012-02-17 21:00:00', '2012-02-17 21:30:00', '4f3f2754594d8', 28),
(493, '2012-02-18 21:00:00', '2012-02-18 21:30:00', '4f3f2754594f5', 28),
(494, '2012-02-19 21:00:00', '2012-02-19 21:30:00', '4f3f275459512', 28),
(495, '2012-02-20 21:00:00', '2012-02-20 21:30:00', '4f3f27545952e', 28),
(496, '2012-02-21 21:00:00', '2012-02-21 21:30:00', '4f3f27545954c', 28),
(497, '2012-02-22 21:00:00', '2012-02-22 21:30:00', '4f3f275459569', 28),
(498, '2012-02-23 21:00:00', '2012-02-23 21:30:00', '4f3f275459586', 28),
(499, '2012-02-24 21:00:00', '2012-02-24 21:30:00', '4f3f2754595a2', 28),
(500, '2012-02-25 21:00:00', '2012-02-25 21:30:00', '4f3f2754595bf', 28),
(501, '2012-02-26 21:00:00', '2012-02-26 21:30:00', '4f3f2754595dc', 28),
(502, '2012-02-27 21:00:00', '2012-02-27 21:30:00', '4f3f2754595f8', 28),
(503, '2012-02-28 21:00:00', '2012-02-28 21:30:00', '4f3f275459615', 28),
(504, '2012-02-29 21:00:00', '2012-02-29 21:30:00', '4f3f275459632', 28),
(505, '2012-02-12 21:30:00', '2012-02-12 22:00:00', '4f3f2775803df', 29),
(506, '2012-02-12 21:00:00', '2012-02-12 21:30:00', '4f3f277fdc85c', 30),
(507, '2012-02-13 21:00:00', '2012-02-13 21:30:00', '4f3f277fdf3e4', 30),
(508, '2012-02-14 21:00:00', '2012-02-14 21:30:00', '4f3f277fdf40b', 30),
(509, '2012-02-15 21:00:00', '2012-02-15 21:30:00', '4f3f277fdf428', 30),
(510, '2012-02-16 21:00:00', '2012-02-16 21:30:00', '4f3f277fdf445', 30),
(511, '2012-02-17 21:00:00', '2012-02-17 21:30:00', '4f3f277fdf463', 30),
(512, '2012-02-18 21:00:00', '2012-02-18 21:30:00', '4f3f277fdf480', 30),
(513, '2012-02-19 21:00:00', '2012-02-19 21:30:00', '4f3f277fdf49d', 30),
(514, '2012-02-20 21:00:00', '2012-02-20 21:30:00', '4f3f277fdf4b9', 30),
(515, '2012-02-21 21:00:00', '2012-02-21 21:30:00', '4f3f277fdf4d6', 30),
(516, '2012-02-22 21:00:00', '2012-02-22 21:30:00', '4f3f277fdf4f4', 30),
(517, '2012-02-23 21:00:00', '2012-02-23 21:30:00', '4f3f277fdf510', 30),
(518, '2012-02-24 21:00:00', '2012-02-24 21:30:00', '4f3f277fdf52d', 30),
(519, '2012-02-25 21:00:00', '2012-02-25 21:30:00', '4f3f277fdf54a', 30),
(520, '2012-02-26 21:00:00', '2012-02-26 21:30:00', '4f3f277fdf567', 30),
(521, '2012-02-27 21:00:00', '2012-02-27 21:30:00', '4f3f277fdf584', 30),
(522, '2012-02-28 21:00:00', '2012-02-28 21:30:00', '4f3f277fdf5a0', 30),
(523, '2012-02-29 21:00:00', '2012-02-29 21:30:00', '4f3f277fdf5be', 30),
(524, '2012-02-12 16:30:00', '2012-02-12 17:00:00', '4f3f279111da6', 31),
(525, '2012-02-13 16:30:00', '2012-02-13 17:00:00', '4f3f27911489d', 31),
(526, '2012-02-14 16:30:00', '2012-02-14 17:00:00', '4f3f2791148bc', 31),
(527, '2012-02-15 16:30:00', '2012-02-15 17:00:00', '4f3f2791148d9', 31),
(528, '2012-02-16 16:30:00', '2012-02-16 17:00:00', '4f3f2791148f7', 31),
(529, '2012-02-17 16:30:00', '2012-02-17 17:00:00', '4f3f279114915', 31),
(530, '2012-02-18 16:30:00', '2012-02-18 17:00:00', '4f3f279114932', 31),
(531, '2012-02-19 16:30:00', '2012-02-19 17:00:00', '4f3f27911494f', 31),
(532, '2012-02-20 16:30:00', '2012-02-20 17:00:00', '4f3f279114970', 31),
(533, '2012-02-21 16:30:00', '2012-02-21 17:00:00', '4f3f279114990', 31),
(534, '2012-02-22 16:30:00', '2012-02-22 17:00:00', '4f3f2791149ae', 31),
(535, '2012-02-23 16:30:00', '2012-02-23 17:00:00', '4f3f2791149cc', 31),
(536, '2012-02-24 16:30:00', '2012-02-24 17:00:00', '4f3f2791149ec', 31),
(537, '2012-02-25 16:30:00', '2012-02-25 17:00:00', '4f3f279114a09', 31),
(538, '2012-02-26 16:30:00', '2012-02-26 17:00:00', '4f3f279114a26', 31),
(539, '2012-02-27 16:30:00', '2012-02-27 17:00:00', '4f3f279114a43', 31),
(540, '2012-02-28 16:30:00', '2012-02-28 17:00:00', '4f3f279114a64', 31),
(541, '2012-02-29 16:30:00', '2012-02-29 17:00:00', '4f3f279114a88', 31),
(542, '2012-02-12 14:30:00', '2012-02-12 15:00:00', '4f3f31c314ae7', 32),
(543, '2012-02-13 14:30:00', '2012-02-13 15:00:00', '4f3f31c317464', 32),
(544, '2012-02-14 14:30:00', '2012-02-14 15:00:00', '4f3f31c317488', 32),
(545, '2012-02-15 14:30:00', '2012-02-15 15:00:00', '4f3f31c3174ab', 32),
(546, '2012-02-16 14:30:00', '2012-02-16 15:00:00', '4f3f31c3174e7', 32),
(547, '2012-02-17 14:30:00', '2012-02-17 15:00:00', '4f3f31c31750e', 32),
(548, '2012-02-18 14:30:00', '2012-02-18 15:00:00', '4f3f31c31752b', 32),
(549, '2012-02-19 14:30:00', '2012-02-19 15:00:00', '4f3f31c317548', 32),
(550, '2012-02-20 14:30:00', '2012-02-20 15:00:00', '4f3f31c317565', 32),
(551, '2012-02-21 14:30:00', '2012-02-21 15:00:00', '4f3f31c317583', 32),
(552, '2012-02-22 14:30:00', '2012-02-22 15:00:00', '4f3f31c3175a0', 32),
(553, '2012-02-23 14:30:00', '2012-02-23 15:00:00', '4f3f31c3175bc', 32),
(554, '2012-02-24 14:30:00', '2012-02-24 15:00:00', '4f3f31c3175d9', 32),
(555, '2012-02-25 14:30:00', '2012-02-25 15:00:00', '4f3f31c3175f6', 32),
(556, '2012-02-26 14:30:00', '2012-02-26 15:00:00', '4f3f31c317612', 32),
(557, '2012-02-27 14:30:00', '2012-02-27 15:00:00', '4f3f31c31762f', 32),
(558, '2012-02-28 14:30:00', '2012-02-28 15:00:00', '4f3f31c31764c', 32),
(559, '2012-02-29 14:30:00', '2012-02-29 15:00:00', '4f3f31c317669', 32),
(560, '2012-02-12 15:30:00', '2012-02-12 16:00:00', '4f3f32ca51fdb', 33),
(561, '2012-02-13 15:30:00', '2012-02-13 16:00:00', '4f3f32ca54b28', 33),
(562, '2012-02-14 15:30:00', '2012-02-14 16:00:00', '4f3f32ca54b4e', 33),
(563, '2012-02-15 15:30:00', '2012-02-15 16:00:00', '4f3f32ca54b83', 33),
(564, '2012-02-16 15:30:00', '2012-02-16 16:00:00', '4f3f32ca54bac', 33),
(565, '2012-02-17 15:30:00', '2012-02-17 16:00:00', '4f3f32ca54bcd', 33),
(566, '2012-02-18 15:30:00', '2012-02-18 16:00:00', '4f3f32ca54bea', 33),
(567, '2012-02-19 15:30:00', '2012-02-19 16:00:00', '4f3f32ca54c0a', 33),
(568, '2012-02-20 15:30:00', '2012-02-20 16:00:00', '4f3f32ca54c29', 33),
(569, '2012-02-21 15:30:00', '2012-02-21 16:00:00', '4f3f32ca54c4e', 33),
(570, '2012-02-22 15:30:00', '2012-02-22 16:00:00', '4f3f32ca54c87', 33),
(571, '2012-02-23 15:30:00', '2012-02-23 16:00:00', '4f3f32ca54ca9', 33),
(572, '2012-02-24 15:30:00', '2012-02-24 16:00:00', '4f3f32ca54cc7', 33),
(573, '2012-02-25 15:30:00', '2012-02-25 16:00:00', '4f3f32ca54ce3', 33),
(574, '2012-02-26 15:30:00', '2012-02-26 16:00:00', '4f3f32ca54d00', 33),
(575, '2012-02-27 15:30:00', '2012-02-27 16:00:00', '4f3f32ca54d1e', 33),
(576, '2012-02-28 15:30:00', '2012-02-28 16:00:00', '4f3f32ca54d3b', 33),
(577, '2012-02-29 15:30:00', '2012-02-29 16:00:00', '4f3f32ca54d58', 33),
(578, '2012-02-12 15:00:00', '2012-02-12 15:30:00', '4f3f32e66c581', 34),
(579, '2012-02-13 15:00:00', '2012-02-13 15:30:00', '4f3f32e66f1e5', 34),
(580, '2012-02-14 15:00:00', '2012-02-14 15:30:00', '4f3f32e66f206', 34),
(581, '2012-02-15 15:00:00', '2012-02-15 15:30:00', '4f3f32e66f225', 34),
(582, '2012-02-16 15:00:00', '2012-02-16 15:30:00', '4f3f32e66f243', 34),
(583, '2012-02-17 15:00:00', '2012-02-17 15:30:00', '4f3f32e66f263', 34),
(584, '2012-02-18 15:00:00', '2012-02-18 15:30:00', '4f3f32e66f280', 34),
(585, '2012-02-19 15:00:00', '2012-02-19 15:30:00', '4f3f32e66f29c', 34),
(586, '2012-02-20 15:00:00', '2012-02-20 15:30:00', '4f3f32e66f2ba', 34),
(587, '2012-02-21 15:00:00', '2012-02-21 15:30:00', '4f3f32e66f2d7', 34),
(588, '2012-02-22 15:00:00', '2012-02-22 15:30:00', '4f3f32e66f2f3', 34),
(589, '2012-02-23 15:00:00', '2012-02-23 15:30:00', '4f3f32e66f310', 34),
(590, '2012-02-24 15:00:00', '2012-02-24 15:30:00', '4f3f32e66f32c', 34),
(591, '2012-02-25 15:00:00', '2012-02-25 15:30:00', '4f3f32e66f349', 34),
(592, '2012-02-26 15:00:00', '2012-02-26 15:30:00', '4f3f32e66f365', 34),
(593, '2012-02-27 15:00:00', '2012-02-27 15:30:00', '4f3f32e66f387', 34),
(594, '2012-02-28 15:00:00', '2012-02-28 15:30:00', '4f3f32e66f3a9', 34),
(595, '2012-02-29 15:00:00', '2012-02-29 15:30:00', '4f3f32e66f3d4', 34),
(596, '2012-02-12 14:00:00', '2012-02-12 14:30:00', '4f3f32f2b09dd', 35),
(597, '2012-02-13 14:00:00', '2012-02-13 14:30:00', '4f3f32f2b0dd2', 35),
(598, '2012-02-12 16:00:00', '2012-02-12 16:30:00', '4f3f330384bc7', 36),
(599, '2012-02-13 16:00:00', '2012-02-13 16:30:00', '4f3f33038788c', 36),
(600, '2012-02-14 16:00:00', '2012-02-14 16:30:00', '4f3f3303878af', 36),
(601, '2012-02-15 16:00:00', '2012-02-15 16:30:00', '4f3f33038791d', 36),
(602, '2012-02-16 16:00:00', '2012-02-16 16:30:00', '4f3f330387942', 36),
(603, '2012-02-17 16:00:00', '2012-02-17 16:30:00', '4f3f33038795e', 36),
(604, '2012-02-18 16:00:00', '2012-02-18 16:30:00', '4f3f33038797a', 36),
(605, '2012-02-19 16:00:00', '2012-02-19 16:30:00', '4f3f330387997', 36),
(606, '2012-02-20 16:00:00', '2012-02-20 16:30:00', '4f3f3303879b6', 36),
(607, '2012-02-21 16:00:00', '2012-02-21 16:30:00', '4f3f3303879d3', 36),
(608, '2012-02-22 16:00:00', '2012-02-22 16:30:00', '4f3f3303879ef', 36),
(609, '2012-02-23 16:00:00', '2012-02-23 16:30:00', '4f3f330387a0c', 36),
(610, '2012-02-24 16:00:00', '2012-02-24 16:30:00', '4f3f330387a28', 36),
(611, '2012-02-25 16:00:00', '2012-02-25 16:30:00', '4f3f330387a44', 36),
(612, '2012-02-26 16:00:00', '2012-02-26 16:30:00', '4f3f330387a61', 36),
(613, '2012-02-27 16:00:00', '2012-02-27 16:30:00', '4f3f330387a7f', 36),
(614, '2012-02-28 16:00:00', '2012-02-28 16:30:00', '4f3f330387a9c', 36),
(615, '2012-02-29 16:00:00', '2012-02-29 16:30:00', '4f3f330387ab9', 36),
(616, '2012-02-12 18:00:00', '2012-02-12 18:30:00', '4f3f33233eba0', 37),
(617, '2012-02-13 18:00:00', '2012-02-13 18:30:00', '4f3f33234182f', 37),
(618, '2012-02-14 18:00:00', '2012-02-14 18:30:00', '4f3f33234184f', 37),
(619, '2012-02-15 18:00:00', '2012-02-15 18:30:00', '4f3f33234186d', 37),
(620, '2012-02-16 18:00:00', '2012-02-16 18:30:00', '4f3f33234188a', 37),
(621, '2012-02-17 18:00:00', '2012-02-17 18:30:00', '4f3f3323418ab', 37),
(622, '2012-02-18 18:00:00', '2012-02-18 18:30:00', '4f3f332341917', 37),
(623, '2012-02-19 18:00:00', '2012-02-19 18:30:00', '4f3f33234193b', 37),
(624, '2012-02-20 18:00:00', '2012-02-20 18:30:00', '4f3f332341959', 37),
(625, '2012-02-21 18:00:00', '2012-02-21 18:30:00', '4f3f332341976', 37),
(626, '2012-02-22 18:00:00', '2012-02-22 18:30:00', '4f3f332341993', 37),
(627, '2012-02-23 18:00:00', '2012-02-23 18:30:00', '4f3f3323419af', 37),
(628, '2012-02-24 18:00:00', '2012-02-24 18:30:00', '4f3f3323419cc', 37),
(629, '2012-02-25 18:00:00', '2012-02-25 18:30:00', '4f3f3323419e8', 37),
(630, '2012-02-26 18:00:00', '2012-02-26 18:30:00', '4f3f332341a04', 37),
(631, '2012-02-27 18:00:00', '2012-02-27 18:30:00', '4f3f332341a22', 37),
(632, '2012-02-28 18:00:00', '2012-02-28 18:30:00', '4f3f332341a3f', 37),
(633, '2012-02-29 18:00:00', '2012-02-29 18:30:00', '4f3f332341a5c', 37),
(634, '2012-02-17 15:30:00', '2012-02-18 16:00:00', '4f3f33a34efef', 38),
(635, '2012-02-16 16:00:00', '2012-02-16 19:30:00', '4f3f340a885d8', 39);

REPLACE INTO `reservation_resources` (`series_id`, `resource_id`, `resource_level_id`) VALUES
(2, 1, 1),
(3, 2, 1),
(4, 1, 1),
(5, 2, 1),
(6, 1, 1),
(7, 1, 1),
(8, 1, 1),
(9, 1, 1),
(10, 1, 1),
(11, 1, 1),
(12, 1, 1),
(13, 1, 1),
(14, 1, 1),
(15, 1, 1),
(16, 1, 1),
(17, 2, 1),
(18, 2, 1),
(19, 2, 1),
(20, 2, 1),
(21, 2, 1),
(22, 2, 1),
(23, 2, 1),
(24, 2, 1),
(25, 2, 1),
(26, 2, 1),
(27, 2, 1);


REPLACE INTO `reservation_users` (`reservation_instance_id`, `user_id`, `reservation_user_level`) VALUES
(2, 2, 1),
(3, 2, 1),
(4, 2, 1),
(5, 2, 1),
(6, 2, 1),
(7, 2, 1),
(8, 2, 1),
(9, 2, 1),
(10, 2, 1),
(11, 2, 1),
(12, 2, 1),
(13, 2, 1),
(14, 2, 1),
(15, 2, 1),
(16, 2, 1),
(17, 2, 1),
(18, 2, 1),
(19, 2, 1),
(20, 2, 1),
(21, 2, 1),
(22, 2, 1),
(23, 2, 1),
(24, 2, 1),
(25, 2, 1),
(26, 2, 1),
(27, 2, 1),
(28, 2, 1),
(29, 2, 1),
(30, 2, 1),
(31, 2, 1),
(32, 2, 1),
(33, 2, 1),
(34, 2, 1),
(35, 2, 1),
(36, 2, 1),
(37, 2, 1),
(38, 2, 1),
(39, 2, 1),
(40, 2, 1),
(41, 2, 1),
(42, 2, 1),
(43, 2, 1),
(44, 2, 1),
(45, 2, 1),
(46, 2, 1),
(47, 2, 1),
(48, 2, 1),
(49, 2, 1),
(50, 2, 1),
(51, 2, 1),
(52, 2, 1),
(53, 2, 1),
(54, 2, 1),
(55, 2, 1),
(56, 2, 1),
(57, 2, 1),
(58, 2, 1),
(59, 2, 1),
(60, 2, 1),
(61, 2, 1),
(62, 2, 1),
(63, 2, 1),
(64, 2, 1),
(65, 2, 1),
(66, 2, 1),
(67, 2, 1),
(68, 2, 1),
(69, 2, 1),
(70, 2, 1),
(71, 2, 1),
(72, 2, 1),
(73, 2, 1),
(74, 2, 1),
(75, 2, 1),
(76, 2, 1),
(77, 2, 1),
(78, 2, 1),
(79, 2, 1),
(80, 2, 1),
(81, 2, 1),
(82, 2, 1),
(83, 2, 1),
(84, 2, 1),
(85, 2, 1),
(86, 2, 1),
(87, 2, 1),
(88, 2, 1),
(89, 2, 1),
(90, 2, 1),
(91, 2, 1),
(92, 2, 1),
(93, 2, 1),
(94, 2, 1),
(95, 2, 1),
(96, 2, 1),
(97, 2, 1),
(98, 2, 1),
(99, 2, 1),
(100, 2, 1),
(101, 2, 1),
(102, 2, 1),
(103, 2, 1),
(104, 2, 1),
(105, 2, 1),
(106, 2, 1),
(107, 2, 1),
(108, 2, 1),
(109, 2, 1),
(110, 2, 1),
(111, 2, 1),
(112, 2, 1),
(113, 2, 1),
(114, 2, 1),
(115, 2, 1),
(116, 2, 1),
(117, 2, 1),
(118, 2, 1),
(119, 2, 1),
(120, 2, 1),
(121, 2, 1),
(122, 2, 1),
(123, 2, 1),
(124, 2, 1),
(125, 2, 1),
(126, 2, 1),
(127, 2, 1),
(128, 2, 1),
(129, 2, 1),
(130, 2, 1),
(131, 2, 1),
(132, 2, 1),
(133, 2, 1),
(134, 2, 1),
(135, 2, 1),
(136, 2, 1),
(137, 2, 1),
(138, 2, 1),
(139, 2, 1),
(140, 2, 1),
(141, 2, 1),
(142, 2, 1),
(143, 2, 1),
(144, 2, 1),
(145, 2, 1),
(146, 2, 1),
(147, 2, 1),
(148, 2, 1),
(149, 2, 1),
(150, 2, 1),
(151, 2, 1),
(152, 2, 1),
(153, 2, 1),
(154, 2, 1),
(155, 2, 1),
(156, 2, 1),
(157, 2, 1),
(158, 2, 1),
(159, 2, 1),
(160, 2, 1),
(161, 2, 1),
(162, 2, 1),
(163, 2, 1),
(164, 2, 1),
(165, 2, 1),
(166, 2, 1),
(167, 2, 1),
(168, 2, 1),
(169, 2, 1),
(170, 2, 1),
(171, 2, 1),
(172, 2, 1),
(173, 2, 1),
(174, 2, 1),
(175, 2, 1),
(176, 2, 1),
(177, 2, 1),
(178, 2, 1),
(179, 2, 1),
(180, 2, 1),
(181, 2, 1),
(182, 2, 1),
(183, 2, 1),
(184, 2, 1),
(185, 2, 1),
(186, 2, 1),
(187, 2, 1),
(188, 2, 1),
(189, 2, 1),
(190, 2, 1),
(191, 2, 1),
(192, 2, 1),
(193, 2, 1),
(194, 2, 1),
(195, 2, 1),
(196, 2, 1),
(197, 2, 1),
(198, 2, 1),
(199, 2, 1),
(200, 2, 1),
(201, 2, 1),
(202, 2, 1),
(203, 2, 1),
(204, 2, 1),
(205, 2, 1),
(206, 2, 1),
(207, 2, 1),
(208, 2, 1),
(209, 2, 1),
(210, 2, 1),
(211, 2, 1),
(212, 2, 1),
(213, 2, 1),
(214, 2, 1),
(215, 2, 1),
(216, 2, 1),
(217, 2, 1),
(218, 2, 1),
(219, 2, 1),
(220, 2, 1),
(221, 2, 1),
(222, 2, 1),
(223, 2, 1),
(224, 2, 1),
(225, 2, 1),
(226, 2, 1),
(227, 2, 1),
(228, 2, 1),
(229, 2, 1),
(230, 2, 1),
(231, 2, 1),
(232, 2, 1),
(233, 2, 1),
(234, 2, 1),
(235, 2, 1),
(236, 2, 1),
(237, 2, 1),
(238, 2, 1),
(239, 2, 1),
(240, 2, 1),
(241, 2, 1),
(242, 2, 1),
(243, 2, 1),
(244, 2, 1),
(245, 2, 1),
(246, 2, 1),
(247, 2, 1),
(248, 2, 1),
(249, 2, 1),
(250, 2, 1),
(251, 2, 1),
(252, 2, 1),
(253, 2, 1),
(254, 2, 1),
(255, 2, 1),
(256, 2, 1),
(257, 2, 1),
(258, 2, 1),
(259, 2, 1),
(260, 2, 1),
(261, 2, 1),
(262, 2, 1),
(263, 2, 1),
(264, 2, 1),
(265, 2, 1),
(266, 2, 1),
(267, 2, 1),
(268, 2, 1),
(269, 2, 1),
(270, 2, 1),
(271, 2, 1),
(272, 2, 1),
(273, 2, 1),
(274, 2, 1),
(275, 2, 1),
(276, 2, 1),
(277, 2, 1),
(278, 2, 1),
(279, 2, 1),
(280, 2, 1),
(281, 2, 1),
(282, 2, 1),
(283, 2, 1),
(284, 2, 1),
(285, 2, 1),
(286, 2, 1),
(287, 2, 1),
(288, 2, 1),
(289, 2, 1),
(290, 2, 1),
(291, 2, 1),
(292, 2, 1),
(293, 2, 1),
(294, 2, 1),
(295, 2, 1),
(296, 2, 1),
(297, 2, 1),
(298, 2, 1),
(299, 2, 1),
(300, 2, 1),
(301, 2, 1),
(302, 2, 1),
(303, 2, 1),
(304, 2, 1),
(305, 2, 1),
(306, 2, 1),
(307, 2, 1),
(308, 2, 1),
(309, 2, 1),
(310, 2, 1),
(311, 2, 1),
(312, 2, 1),
(313, 2, 1),
(314, 2, 1),
(315, 2, 1),
(316, 2, 1),
(317, 2, 1),
(318, 2, 1),
(319, 2, 1),
(320, 2, 1),
(321, 2, 1),
(322, 2, 1),
(323, 2, 1),
(324, 2, 1),
(325, 2, 1),
(326, 2, 1),
(327, 2, 1),
(328, 2, 1),
(329, 2, 1),
(330, 2, 1),
(331, 2, 1),
(332, 2, 1),
(333, 2, 1),
(334, 2, 1),
(335, 2, 1),
(336, 2, 1),
(337, 2, 1),
(338, 2, 1),
(339, 2, 1),
(340, 2, 1),
(341, 2, 1),
(342, 2, 1),
(343, 2, 1),
(344, 2, 1),
(345, 2, 1),
(346, 2, 1),
(347, 2, 1),
(348, 2, 1),
(349, 2, 1),
(350, 2, 1),
(351, 2, 1),
(352, 2, 1),
(353, 2, 1),
(354, 2, 1),
(355, 2, 1),
(356, 2, 1),
(357, 2, 1),
(358, 2, 1),
(359, 2, 1),
(360, 2, 1),
(361, 2, 1),
(362, 2, 1),
(363, 2, 1),
(364, 2, 1),
(365, 2, 1),
(366, 2, 1),
(367, 2, 1),
(368, 2, 1),
(369, 2, 1),
(370, 2, 1),
(371, 2, 1),
(372, 2, 1),
(373, 2, 1),
(374, 2, 1),
(375, 2, 1),
(376, 2, 1),
(377, 2, 1),
(378, 2, 1),
(379, 2, 1),
(380, 2, 1),
(381, 2, 1),
(382, 2, 1),
(383, 2, 1),
(384, 2, 1),
(385, 2, 1),
(386, 2, 1),
(387, 2, 1),
(388, 2, 1),
(389, 2, 1),
(390, 2, 1),
(391, 2, 1),
(392, 2, 1),
(393, 2, 1),
(394, 2, 1),
(395, 2, 1),
(396, 2, 1),
(397, 2, 1),
(398, 2, 1),
(399, 2, 1),
(400, 2, 1),
(401, 2, 1),
(402, 2, 1),
(403, 2, 1),
(404, 2, 1),
(405, 2, 1),
(406, 2, 1),
(407, 2, 1),
(408, 2, 1),
(409, 2, 1),
(410, 2, 1);